34. What is the thousands digit of d(-17)?
7
Suppose 3*a = 2*i - 11, -4*a - a + 3*i - 18 = 0. What is the tens digit of (-22)/(-6) + a - 20205/(-27)?
4
What is the hundreds digit of 19129 + (-7 + 21 - 17)?
1
Let y = -2576 - -7424. Suppose 0 = -10*t + 7*t + y. What is the units digit of t?
6
Let f = -1604 + 313. Let o = 1879 + f. Suppose -3*u = -4*d - o, -4*u - 5*d + 544 = -240. What is the hundreds digit of u?
1
Suppose -103*m + 106*m = -15, -3*k - 23 = m. What is the tens digit of k - 85/(-15) - (-3056)/6?
0
Let k(r) = -r**3 + 16*r**2 - 17*r + 20. Suppose 19*j - 60 = 15*j. Let w be k(j). Let p = 74 - w. What is the units digit of p?
4
Let i be 10*1/3*6. Suppose -5*g = -2*w - 8, -4 = -g - 4*w - i. Suppose g = -5*f - 196 + 531. What is the tens digit of f?
6
Let n(v) = v**3 - 30*v**2 - 26*v + 22. What is the units digit of n(37)?
3
Let k(c) = 25*c + 69. Let w be k(14). Suppose -3*u = -6*u + 5*t + w, -u = 5*t - 113. What is the hundreds digit of u?
1
Let c(a) = 3*a + 0*a - 3 - 3 + 75*a**2 + a + 458*a**2. What is the hundreds digit of c(1)?
5
Suppose -11*z = -13*z - 10, x - 2*z - 1996 = 0. Let s = x + -1203. What is the hundreds digit of s?
7
Let q be (2 - 1)*((-3)/3 + 8). Suppose -5*v = -m - 176, v - 2*m - 30 = -q*m. What is the tens digit of v?
3
Suppose -67*j + 55*j + 113801 - 31205 = 0. What is the hundreds digit of j?
8
Let i(t) = t**3 + 23*t**2 + 21*t - 20. Let m be i(-22). Let z be 21/m*(-60)/(-105). Suppose 11*l - 100 = z*l. What is the tens digit of l?
2
Let t = -627 - -749. Suppose i = d + t, -45 - 227 = -2*i - 5*d. What is the units digit of i?
6
Suppose 5*p - 2*g = -22798, 4557 = -p + 55*g - 52*g. Let u = p + 6502. What is the units digit of u?
2
Suppose 0 = 21*j - 23*j + 5*t + 44546, -t - 22264 = -j. What is the thousands digit of j?
2
Let z = -158 - -465. Suppose 0 = -4*o + 881 + z. What is the hundreds digit of o?
2
Let f = 151 + -87. Suppose f = 5*p - 2*t, t + 15 + 52 = 5*p. Suppose 58 + p = r. What is the units digit of r?
2
Let b = 9 + 5. Let o be 24/20*10/(-6). Let j = o + b. What is the units digit of j?
2
Suppose 6*w - 7*w + 15613 + 23739 = 0. What is the ten thousands digit of w?
3
Suppose -59391 = -5*r - 2*w, 5*w + 3054 = -2*r + 26781. What is the hundreds digit of r?
8
Let z(m) = 5*m**2 - 2*m + 100 - 10*m - 117 + 11*m. What is the hundreds digit of z(-5)?
1
Let n(l) = -114*l - 6. Suppose -5*x = y + 44, 2*x = y + 6 - 18. What is the units digit of n(x)?
6
Let x(l) = 9*l + 17. Let y be x(-2). What is the tens digit of -2*(y + -18) - 5?
3
Suppose -8*z = -430 - 7002 - 1800. What is the units digit of z?
4
Let i(q) = -5*q - 32. Let l be i(0). What is the tens digit of (442/(-8))/(8/l) - -1?
2
Suppose 8287*h - 8286*h = -2*g + 32625, -65236 = -2*h - 2*g. What is the hundreds digit of h?
6
Suppose -38*p + 6*p = -160. What is the tens digit of 0/(25/p) + 333 - -5?
3
Let r(s) = -2528*s - 861. What is the ten thousands digit of r(-14)?
3
Let b(l) = -1563*l + 383. What is the tens digit of b(-4)?
3
Let v = -145 + -42. Let c = v + 456. What is the tens digit of c?
6
Suppose 0 = 2*z + 8, 973 = h - 360*z + 358*z. What is the hundreds digit of h?
9
Let p(x) = x**3 - 26*x + 84. Let i be p(4). Suppose 3*v = -q + 6, q = 3*v - 1 + 7. What is the units digit of q/(2 - 84/i)?
6
What is the units digit of (-6894)/(16/((-128)/(-12)))*1/(-2)?
8
Suppose 5*o - 5 - 35 = 0. Let n(x) = 10 + 7 - 29 + 4*x**2 - o*x. What is the units digit of n(5)?
8
Let k = -8 + 22. Let t = k + 6. Suppose -2*x + 4*x - t = 0. What is the units digit of x?
0
Let o = -80 - -53596. What is the tens digit of o?
1
Suppose 4*b + m - 109336 = 0, -m - 1824 = b - 29161. What is the ten thousands digit of b?
2
Let d be (-6)/1 - (27 + (-48)/(-4)). What is the units digit of (-4)/(-18) - (61145/d - -3)?
6
Let r(v) be the third derivative of v**5/6 + 11*v**4/24 - v**3/6 + 37*v**2. What is the tens digit of r(-5)?
9
Let z = -5 + -64. Let x = 67 + z. What is the units digit of (-2691)/(-12) - (x/(-8) - 1)?
5
Let g = 40928 - 1470. What is the ten thousands digit of g?
3
Suppose -17*h = 66125 - 746329. What is the tens digit of h?
1
Suppose -2*y - 8 = 0, -18 = -3*r + 4*y - 2. Suppose -9*g + 4392 = -r*g. What is the tens digit of g?
8
Suppose 2*i - 18 = 3*s - s, 0 = 2*s - i + 14. Let n(k) = -2*k + 1. Let x(v) = -45*v - 6. Let t(g) = s*n(g) - x(g). What is the units digit of t(3)?
6
Let w be (-21)/35*-5 + 0 + 1434. Suppose t + 4*y = w, -3*t - 5*y + 4318 = -0*y. What is the tens digit of t?
4
Let z(b) = 110*b**2 + 139*b + 2336. What is the thousands digit of z(-26)?
3
Let g(y) = -14*y**3 + 4*y**2 - 10. Let v(s) = s**3 + 15*s**2 + 14*s - 3. Let x be v(-14). What is the tens digit of g(x)?
0
Let t(c) = 7948*c**2 + 122*c + 234. What is the tens digit of t(-2)?
8
Let x(d) = 3*d**2 + 20*d + 8. Let p be x(-7). Let c = -9 + 14. What is the units digit of p/2*(15 - c)?
5
Let x(g) = 108*g + 648. What is the units digit of x(7)?
4
Let o(r) be the third derivative of -17*r**4/24 - 2*r**2 - 58*r. Suppose 3*m + 4*s = -32, 3*m + 2*s + 31 = 9. What is the units digit of o(m)?
8
What is the thousands digit of (-1)/(2/3) + 16/((-1184)/(-873311))?
1
Let t be (2 + 0)/(-1 - 42/(-38)). Let b(j) = -j**3 + 19*j**2 + 16*j - 2. Let a be b(t). What is the tens digit of 2/(-4) + a/4?
7
Let b = 513 + -795. Let x = b - -814. What is the tens digit of x?
3
Let x(f) = 3*f + 145. Let b be x(-45). Suppose -b*w = -5879 - 591. What is the tens digit of w?
4
Let m be (-1)/(-4)*(-40)/(-10). Let f = -5 + 2. What is the tens digit of (f + -49)/(m/(-2))?
0
Suppose 0 = 2*m + 11 - 1, -4*m = -i + 48. Let v = -4 + 12. Let w = i + v. What is the units digit of w?
6
Let v = 48 + 125. Let z be 5/(-2)*12/(-15). Suppose z*i - 5*q + 4*q - 65 = 0, v = 5*i + q. What is the tens digit of i?
3
Let t(v) be the third derivative of -5*v**4/24 - 2*v**3 + 15*v**2. Let g be t(-4). What is the tens digit of (-5 + (42 - 3))/(2/g)?
3
Suppose 107*w = 106*w + 168. What is the tens digit of w + -10 - (0 + 0)?
5
Suppose -49 = -3*a - 5*m, -4*a + 5*m = 3*m - 74. What is the units digit of (-366 + (-11)/((-33)/a))*-2?
0
Let q = 62669 - 31745. What is the units digit of (5/(-20))/((-9)/q)?
9
Suppose 3*k = 12843 + 35346. Suppose -15062 = -25*h + k. What is the tens digit of h?
4
Let w = -24182 + 29495. What is the hundreds digit of w?
3
Suppose 9*p - 6493 = 64733. What is the hundreds digit of p?
9
Suppose 5*b + 3626 = 16946. Let n = -1864 + b. Suppose -358 = -6*i + n. What is the tens digit of i?
9
Let d(k) = 2*k**2 - k - 4. Suppose -6*q = -2*q + 8. Let g be d(q). What is the units digit of 2 - (-430)/15 - (-2)/g?
1
Let t(i) = 3*i**2 + 30*i - 1. Let v be t(-12). Let w = v - -53. Let r = w + -49. What is the tens digit of r?
7
Let l be 238/45*3 + (-16)/(-120). Let z = 10 - -9. Let x = z + l. What is the units digit of x?
5
Suppose 17824 + 248828 = 27*z. What is the thousands digit of z?
9
Let n(l) = -280*l**3 + 10*l**2 + 26*l + 67. What is the thousands digit of n(-4)?
8
Let b(s) be the second derivative of 17*s**4/4 - 7*s**3/6 - 28*s**2 - 94*s. What is the tens digit of b(-4)?
8
Suppose -3*g = 4*m + 409, 5*g + 245 = -2*m + 44. Let j = 109 - m. What is the tens digit of j?
1
What is the tens digit of ((-3)/(-6) + 1)*(2 + 110868/18)?
4
Let a(m) = -10*m + 48. Let x(g) = -8*g + 47. Suppose -4 = 4*k, -k = 3*z - 4*k + 12. Let u(p) = z*x(p) + 6*a(p). What is the hundreds digit of u(-7)?
1
What is the hundreds digit of 132*(1127/28 + -13)?
5
Let q = 1052 - -9602. What is the units digit of q?
4
Let b be ((-6)/(-8))/((-2)/(-40)). What is the units digit of 410/1 + (b + -3 - 7)?
5
Let x(d) = 4*d - 57. Let c be x(15). Let o(i) be the second derivative of 61*i**3/6 - 25*i**2/2 + 18*i. What is the tens digit of o(c)?
5
Let r(o) = o**2 + 36*o - 75. Let v be r(2). Let u(w) = -3*w**3 - 1. Let m be u(-3). Let x = m - v. What is the units digit of x?
9
Let v(p) = 97*p + 1091. Let k be v(-13). Let i be (26/(-4))/(-1)*-2. Let l = i - k. What is the hundreds digit of l?
1
Suppose -2*n - 4*i = -3378, -3*n + 1778 = 4*i - 3299. Let b = -971 + n. What is the tens digit of b?
2
Let l(o) = 2*o**2 - 22*o - 16. Let a be l(11). Let m = a - -17. What is the units digit of (-2 - m)/(21/(-392))?
6
Suppose -30*o - 72 = -33*o. Let p(y) = o*y - 3*y + 17 - 18*y**2 + 6 + y**3. What is the tens